{"id":84,"date":"2019-04-12T11:58:21","date_gmt":"2019-04-12T09:58:21","guid":{"rendered":"https:\/\/ateliers.nomades.ch\/~fillettaz\/wordpress\/?page_id=84"},"modified":"2019-04-28T16:18:03","modified_gmt":"2019-04-28T14:18:03","slug":"refonte","status":"publish","type":"page","link":"https:\/\/www.webitou.net\/webitou\/developpements\/refonte\/","title":{"rendered":"Refonte"},"content":{"rendered":"<p>Bien que votre entreprise mette \u00e0 jour r\u00e9guli\u00e8rement votre site <span class=\"brand\">W<\/span>eb, qu\u2019il s\u2019agisse de r\u00e9actualiser les offres de produits, publier des newsletter, de changer quelques photos ou graphiques, ou de refaire un logo, dans certains cas, une <strong>refonte<\/strong>\u00a0est n\u00e9cessaire.<br \/>\nBien \u00e9videmment, selon la taille de votre site <span class=\"brand\">W<\/span>eb et l\u2019ambition de vos objectifs, ce projet peut \u00eatre tr\u00e8s cons\u00e9quent.<\/p>\n<p>Contrairement \u00e0 une simple mise \u00e0 jour ne n\u00e9cessitant que quelques changements, une refonte compl\u00e8te consiste \u00e0 modifier l\u2019un ou l\u2019ensemble des \u00e9l\u00e9ments d&rsquo;une page :<\/p>\n<ul>\n<li>La fa\u00e7on dont est structur\u00e9e votre page<\/li>\n<li>L\u2019aspect des pages, couleurs, liens, navigations et images<\/li>\n<li>Le CMS utilis\u00e9<\/li>\n<li>L&rsquo;utilisation de votre site par les visiteurs<\/li>\n<\/ul>\n<p>Nous vous aidons \u00e0 r\u00e9aliser exactement le type de site que vous souhaitez, en cr\u00e9ant des prototypes et en vous les soumettant.<\/p>\n<p><a href=\"#\"><br \/>\n<div id=\"attachment_116\" style=\"width: 310px\" class=\"wp-caption aligncenter\"><img loading=\"lazy\" decoding=\"async\" aria-describedby=\"caption-attachment-116\" class=\"wp-image-116 size-medium\" title=\"Gabarit de page web\" src=\"https:\/\/www.webitou.net\/webitou\/wp-content\/uploads\/2019\/04\/plan-site-web-300x91.png\" alt=\"schema repr\u00e9sentant des pages web\" width=\"300\" height=\"91\" srcset=\"https:\/\/www.webitou.net\/webitou\/wp-content\/uploads\/2019\/04\/plan-site-web-300x91.png 300w, https:\/\/www.webitou.net\/webitou\/wp-content\/uploads\/2019\/04\/plan-site-web-768x232.png 768w, https:\/\/www.webitou.net\/webitou\/wp-content\/uploads\/2019\/04\/plan-site-web.png 790w\" sizes=\"auto, (max-width: 300px) 100vw, 300px\" \/><p id=\"caption-attachment-116\" class=\"wp-caption-text\">Gabarit de page web<\/p><\/div><\/a><\/p>\n<p>&nbsp;<\/p>\n","protected":false},"excerpt":{"rendered":"<p>Bien que votre entreprise mette \u00e0 jour r\u00e9guli\u00e8rement votre site Web, qu\u2019il s\u2019agisse de r\u00e9actualiser les offres de produits, publier des newsletter, de changer quelques photos ou graphiques, ou de refaire un logo, dans certains cas, une refonte\u00a0est n\u00e9cessaire. Bien \u00e9videmment, selon la taille de votre site Web et l\u2019ambition de vos objectifs, ce projet [&hellip;]<\/p>\n","protected":false},"author":1,"featured_media":239,"parent":21,"menu_order":1,"comment_status":"closed","ping_status":"closed","template":"templates\/page_2_cols_devis.php","meta":{"_acf_changed":false,"footnotes":""},"class_list":["post-84","page","type-page","status-publish","has-post-thumbnail","hentry"],"acf":[],"_links":{"self":[{"href":"https:\/\/www.webitou.net\/webitou\/wp-json\/wp\/v2\/pages\/84","targetHints":{"allow":["GET"]}}],"collection":[{"href":"https:\/\/www.webitou.net\/webitou\/wp-json\/wp\/v2\/pages"}],"about":[{"href":"https:\/\/www.webitou.net\/webitou\/wp-json\/wp\/v2\/types\/page"}],"author":[{"embeddable":true,"href":"https:\/\/www.webitou.net\/webitou\/wp-json\/wp\/v2\/users\/1"}],"replies":[{"embeddable":true,"href":"https:\/\/www.webitou.net\/webitou\/wp-json\/wp\/v2\/comments?post=84"}],"version-history":[{"count":21,"href":"https:\/\/www.webitou.net\/webitou\/wp-json\/wp\/v2\/pages\/84\/revisions"}],"predecessor-version":[{"id":313,"href":"https:\/\/www.webitou.net\/webitou\/wp-json\/wp\/v2\/pages\/84\/revisions\/313"}],"up":[{"embeddable":true,"href":"https:\/\/www.webitou.net\/webitou\/wp-json\/wp\/v2\/pages\/21"}],"wp:featuredmedia":[{"embeddable":true,"href":"https:\/\/www.webitou.net\/webitou\/wp-json\/wp\/v2\/media\/239"}],"wp:attachment":[{"href":"https:\/\/www.webitou.net\/webitou\/wp-json\/wp\/v2\/media?parent=84"}],"curies":[{"name":"wp","href":"https:\/\/api.w.org\/{rel}","templated":true}]}}