{"id":86,"date":"2019-04-12T11:58:42","date_gmt":"2019-04-12T09:58:42","guid":{"rendered":"https:\/\/ateliers.nomades.ch\/~fillettaz\/wordpress\/?page_id=86"},"modified":"2019-04-27T23:45:48","modified_gmt":"2019-04-27T21:45:48","slug":"creation","status":"publish","type":"page","link":"https:\/\/www.webitou.net\/webitou\/developpements\/creation\/","title":{"rendered":"Cr\u00e9ation"},"content":{"rendered":"<p>Un site <span class=\"brand\">W<\/span>eb, chaque visite compte, c\u2019est dans cette optique qu&rsquo;il faut faciliter la prise de contact de vos client avec votre entreprise.<\/p>\n<p>Que vous soyez une entreprise prestigieuse, une PME r\u00e9gionale, une association ou un particulier, nous r\u00e9alisons votre site internet sur mesure, avec soin et souci du d\u00e9tail. <\/p>\n<p>Nous vous accompagnons de la conception \u00e0 la r\u00e9alisation de votre projet, en vous proposant des solutions adapt\u00e9es \u00e0 vos besoins.<\/p>\n","protected":false},"excerpt":{"rendered":"<p>Un site Web, chaque visite compte, c\u2019est dans cette optique qu&rsquo;il faut faciliter la prise de contact de vos client avec votre entreprise. Que vous soyez une entreprise prestigieuse, une PME r\u00e9gionale, une association ou un particulier, nous r\u00e9alisons votre site internet sur mesure, avec soin et souci du d\u00e9tail. Nous vous accompagnons de la [&hellip;]<\/p>\n","protected":false},"author":1,"featured_media":232,"parent":21,"menu_order":2,"comment_status":"closed","ping_status":"closed","template":"templates\/page_2_cols_devis.php","meta":{"_acf_changed":false,"footnotes":""},"class_list":["post-86","page","type-page","status-publish","has-post-thumbnail","hentry"],"acf":[],"_links":{"self":[{"href":"https:\/\/www.webitou.net\/webitou\/wp-json\/wp\/v2\/pages\/86","targetHints":{"allow":["GET"]}}],"collection":[{"href":"https:\/\/www.webitou.net\/webitou\/wp-json\/wp\/v2\/pages"}],"about":[{"href":"https:\/\/www.webitou.net\/webitou\/wp-json\/wp\/v2\/types\/page"}],"author":[{"embeddable":true,"href":"https:\/\/www.webitou.net\/webitou\/wp-json\/wp\/v2\/users\/1"}],"replies":[{"embeddable":true,"href":"https:\/\/www.webitou.net\/webitou\/wp-json\/wp\/v2\/comments?post=86"}],"version-history":[{"count":6,"href":"https:\/\/www.webitou.net\/webitou\/wp-json\/wp\/v2\/pages\/86\/revisions"}],"predecessor-version":[{"id":135,"href":"https:\/\/www.webitou.net\/webitou\/wp-json\/wp\/v2\/pages\/86\/revisions\/135"}],"up":[{"embeddable":true,"href":"https:\/\/www.webitou.net\/webitou\/wp-json\/wp\/v2\/pages\/21"}],"wp:featuredmedia":[{"embeddable":true,"href":"https:\/\/www.webitou.net\/webitou\/wp-json\/wp\/v2\/media\/232"}],"wp:attachment":[{"href":"https:\/\/www.webitou.net\/webitou\/wp-json\/wp\/v2\/media?parent=86"}],"curies":[{"name":"wp","href":"https:\/\/api.w.org\/{rel}","templated":true}]}}